 j(-6).
-10
Let z(x) = -x**2 - 32*x + 3320. Give z(44).
-24
Let a(d) = -284*d + 1728. Determine a(6).
24
Let v(j) = -j**2 + 112*j - 780. Calculate v(7).
-45
Let r(j) = 4*j**2 + 167*j - 254. Calculate r(-47).
733
Let z(m) = -m**2 + 59*m + 3289. What is z(94)?
-1
Let d(c) = c**3 - 25*c**2 - 136*c - 91. Determine d(30).
329
Let k(r) = -21*r + 415. Determine k(18).
37
Let z(f) = -3*f + 57. Determine z(20).
-3
Let a(j) = 183*j + 4435. Give a(-24).
43
Let j(b) = 38*b**3 + 3*b**2 - 5*b + 3. What is j(1)?
39
Let s(r) = -15*r - 152. What is s(-9)?
-17
Let t(d) = d**2 - 17*d - 77. Calculate t(22).
33
Let s(k) = -2*k**3 + 6*k**2 + 25*k - 8. Calculate s(-6).
490
Let h(o) = -75*o**2 - 26*o + 4. Calculate h(-1).
-45
Let s(p) = -3*p**3 - 37*p + 149. Calculate s(5).
-411
Let s(c) = 6310*c - 82028. Determine s(13).
2
Let q(s) = -1450*s - 7277. Calculate q(-5).
-27
Let q(p) = 3*p**3 + 70*p**2 + 403*p - 2. Give q(-10).
-32
Let w(b) = 4*b**3 + 41*b**2 + 97*b - 12. Give w(-5).
28
Let a(b) = -15404*b + 154025. Calculate a(10).
-15
Let z(q) = -2*q**3 - 35*q**2 - 142*q + 39. What is z(-9)?
-60
Let n(x) = -22880*x + 228803. What is n(10)?
3
Let q(k) = -k**3 - 17*k**2 + 22*k - 673. Calculate q(-20).
87
Let p(a) = -a**2 - 4*a + 118. Determine p(9).
1
Let k(w) = 7*w**2 + 171*w + 73. Determine k(-24).
1
Let n(l) = -l**2 + 34*l + 3690. Give n(80).
10
Let j(p) = -3*p**3 + 51*p**2 - 148*p + 2. Calculate j(4).
34
Let u(q) = 7762*q + 279423. What is u(-36)?
-9
Let u(y) = 78*y + 4236. Calculate u(-50).
336
Let l(d) = -d**3 - 36*d**2 - 260*d + 14. Give l(-26).
14
Let d(s) = -150*s + 21597. Give d(144).
-3
Let x(m) = -4258*m + 34068. Calculate x(8).
4
Let c(z) = -2*z**2 + 109*z + 893. Determine c(62).
-37
Let t(o) = 2*o**3 + 21*o**2 + 58*o - 4. Give t(-7).
-67
Let n(s) = -121*s + 14795. Give n(122).
33
Let b(t) = 38*t + 162. Give b(-5).
-28
Let u(n) = 459*n - 12860. Give u(28).
-8
Let v(x) = -2*x**3 + 22*x**2 + 2*x - 22. What is v(11)?
0
Let i(j) = 77*j + 543. What is i(-7)?
4
Let r(j) = 19*j + 635. Determine r(-32).
27
Let i(s) = 3*s**2 + 46*s + 71. Determine i(-13).
-20
Let w(m) = -m**2 + 5*m + 83. Give w(10).
33
Let t(x) = 2*x**2 - 123*x - 5597. Calculate t(92).
15
Let s(n) = 137*n - 7509. Give s(55).
26
Let c(t) = t**2 - 133*t + 1548. Give c(12).
96
Let q(i) = 20*i + 1827. Calculate q(-91).
7
Let l(w) = 2*w**3 + 30*w - 104. Give l(6).
508
Let l(k) = -4*k**2 + 197*k + 183. Determine l(50).
33
Let x(l) = 24*l**2 - 890*l + 78. What is x(37)?
4
Let h(c) = -2*c**2 + 35*c + 368. Determine h(23).
115
Let r(j) = -588*j - 8814. What is r(-15)?
6
Let l(a) = 13*a - 271. What is l(16)?
-63
Let i(h) = 11*h - 106. Determine i(16).
70
Let i(y) = -y**2 + 67*y + 955. Calculate i(79).
7
Let w(a) = -789*a + 3188. Determine w(4).
32
Let x(u) = 123*u - 355. What is x(0)?
-355
Let w(d) = d**2 + 28*d + 119. Determine w(-25).
44
Let k(j) = 2*j**2 + 243*j + 1059. Give k(-117).
6
Let w(i) = -i**3 - 14*i**2 - 44*i + 1. What is w(-5)?
-4
Let r(z) = 38*z - 727. Calculate r(20).
33
Let v(y) = -49*y**2 + 1812*y + 28. Give v(37).
-9
Let b(t) = -29*t + 176. What is b(13)?
-201
Let q(r) = r**2 - 10631*r + 63754. Give q(6).
4
Let v(g) = -g**2 - 232*g + 2308. Calculate v(10).
-112
Let c(w) = w**3 + 14*w**2 - 34*w - 21. Determine c(-16).
11
Let p(t) = t**3 - 30*t**2 + 74*t + 16. Give p(3).
-5
Let v(h) = h**2 - 219*h + 2873. Give v(14).
3
Let o(s) = -s**2 + 1798*s - 83998. Determine o(48).
2
Let k(w) = -92*w**2 - 428*w + 428. Give k(1).
-92
Let n(x) = -88*x + 1983. Give n(19).
311
Let r(s) = 4*s**2 - 32. Calculate r(0).
-32
Let q(j) = 1429*j - 85742. Determine q(60).
-2
Let u(r) = -r**3 - 3*r**2 + 59*r + 56. Determine u(-9).
11
Let u(w) = w**3 - 11*w**2 + 22*w - 5. Give u(9).
31
Let v(x) = x**3 - 14*x**2 + 243*x - 2999. Give v(13).
-9
Let t(g) = g**2 - 112*g + 1774. Determine t(19).
7
Let p(x) = x**2 - 74*x - 1491. Calculate p(91).
56
Let q(g) = -11*g**2 - 2493*g - 1582. What is q(-226)?
0
Let o(n) = -6*n**2 - 45*n - 82. Determine o(-6).
-28
Let w(n) = 4*n**2 + 19*n + 154. What is w(-10)?
364
Let a(n) = 2*n**3 - 2*n**2 + 6*n - 43. Determine a(0).
-43
Let b(p) = -5*p**3 + 5*p**2 + 9*p + 4. Determine b(-1).
5
Let n(w) = 2*w**2 - 31*w + 191. Determine n(5).
86
Let u(y) = y**2 - y - 873. What is u(30)?
-3
Let g(i) = i**3 + 2*i**2 - 24*i + 62. Calculate g(-6).
62
Let r(s) = 1030*s - 2057. Calculate r(2).
3
Let u(w) = -100*w + 497. Determine u(5).
-3
Let p(l) = 227*l + 671. What is p(-3)?
-10
Let b(c) = 57*c + 136. Calculate b(-2).
22
Let w(d) = -14*d**2 + 34*d - 252. Determine w(5).
-432
Let x(t) = -t**2 - 31*t - 160. Give x(-35).
-300
Let t(y) = 68*y - 1735. Determine t(26).
33
Let c(s) = -2267*s + 11305. Determine c(5).
-30
Let r(f) = -f**3 - 162*f**2 + 836*f + 253. Give r(-167).
86
Let v(r) = 69*r + 508. Determine v(-7).
25
Let h(l) = 1717*l - 8601. Give h(5).
-16
Let m(i) = 10*i**2 - 167*i - 439. Give m(19).
-2
Let m(s) = -221*s - 15460. Give m(-70).
10
Let l(t) = -13*t**3 - 61*t**2 + 2*t + 8. Calculate l(-5).
98
Let d(l) = 4574*l - 41168. What is d(9)?
-2
Let t(u) = 42*u - 114. Give t(-4).
-282
Let h(r) = 2*r**3 + 3*r**2 - 59*r + 3. Determine h(6).
189
Let q(i) = 97*i + 4563. Give q(-47).
4
Let i(l) = -27*l**3 + 9*l**2 + 15*l + 10. Calculate i(-1).
31
Let m(o) = -o**3 + 31*o**2 - 71*o + 2216. Give m(31).
15
Let a(x) = x**3 - 11*x**2 + 11*x - 80. Determine a(11).
41
Let o(w) = 3*w**2 + 105*w + 845. Determine o(-9).
143
Let d(z) = -4*z**2 + 203*z + 51. Give d(51).
0
Let d(p) = 18*p**2 - 122*p + 40. Determine d(3).
-164
Let o(j) = 1562*j - 18755. Calculate o(12).
-11
Let i(t) = -4*t - 35. Calculate i(-10).
5
Let i(z) = -127*z + 735. What is i(6)?
-27
Let a(n) = 3*n**3 - 198*n - 400. Determine a(-2).
-28
Let h(l) = 3*l**2 - 14*l - 2. Give h(5).
3
Let n(q) = -5737*q - 57369. Calculate n(-10).
1
Let k(s) = -s**2 - 57*s + 192. Calculate k(-58).
134
Let t(u) = u**2 - 27*u + 232. Calculate t(15).
52
Let o(v) = v**3 - 4*v**2 + 790*v - 3978. What is o(5)?
-3
Let y(i) = -2*i**3 - i**2 - 32*i - 104. Give y(-3).
37
Let m(i) = 2*i**2 + 8*i - 32. Calculate m(-21).
682
Let g(x) = x**2 - 29*x - 39. Give g(16).
-247
Let l(m) = 18*m**2 - 41*m - 148. Give l(-2).
6
Let b(c) = -8872*c - 88713. Give b(-10).
7
Let s(u) = -u**3 + 32*u**2 - 145*u + 60. Give s(5).
10
Let t(m) = 8*m - 29. Calculate t(9).
43
Let q(j) = 9*j**3 - 710*j**2 - 80*j + 122. Determine q(79).
43
Let c(y) = -115*y - 781. Determine c(-7).
24
Let a(l) = l**2 + 101*l - 1004. What is a(9)?
-14
Let t(a) = 4*a**2 + 45*a + 123. What is t(-7)?
4
Let v(d) = d**2 - 93*d + 1256. Determine v(16).
24
Let v(x) = -x**3 - 8*x**2 - 2*x - 16. Determine v(-9).
83
Let j(f) = -59*f - 417. Give j(-7).
-4
Let s(w) = 36*w + 247. Determine s(-7).
-5
Let h(y) = -590*y + 56. What is h(0)?
56
Let o(y) = 174*y + 1250. Give o(-8).
-142
Let n(o) = -o**3 - 21*o**2 + o + 488. Give n(-20).
68
Let v(w) = 826*w - 3304. Calculate v(4).
0
Let r(w) = -11*w**2 - 167*w + 342. Determine r(-17).
2
Let n(m) = 29*m**2 - 11*m - 22. Give n(-2).
116
Let o(y) = -y**3 - 34*y**2 + 73*y + 28. Calculate o(-36).
-8
Let c(a) = -74*a + 270. What is c(3)?
48
Let d(k) = 2*k**2 + 11*k - 1143. Determine d(-27).
18
Let f(g) = -3*g**2 - 9*g - 12. Calculate f(-6).
-66
Let u(p) = p**2 + 30*p - 564. What is u(-43)?
-5
Let k(i) = -305*i - 6412. Determine k(-21).
-7
Let g(l) = -43*l - 90. Calculate g(-1).
-47
Let m(x) = 7*x**2 - 343*x - 124. What is m(49)?
-124
Let o(z) = -4097*z + 286788. Give o(70).
-2
Let u(c) = 2*c**2 - 155*c + 1666. Give u(13).
-11
Let c(u) = 25*u**3 + 41*u**2 + 88*u + 7. Calculate c(-2).
-205
Let a(i) = i**2 + 346*i - 4298. Calculate a(12).
-2
Let c(w) = 29*w + 746. Determine c(-9).
485
Let c(g) = 14*g - 151. Give c(10).
-11
Let k(f) = 9*f**3 + 19*f**2 + 9*f + 3. What is k(-2)?
-11
Let n(c) = c - 99. What is n(23)?
-76
Let c(v) = v**3 - 16*v**2 + 55*v + 16. What is c(11)?
16
Let m(z) = 11*z**2 - 95*z - 30. Determine m(9).
6
Let m(q) = 67*q**2 + 3889*q + 171. Determine m(-58).
-3
Let p(g) = 99*g - 159. Determine p(2).
39
Let l(g) = -g + 107. Give l(64).
43
Let d(g) = -5135*g - 15364. Give d(-3).
41
Let k(z) = -226*z - 433. What is k(-2)?
19
Let x(w) = w**3 - 189*w**2 - 3499*w - 632. Determine x(206).
-14
Let x(p) = -4*p**2 - 21*p + 375. What is x(7)?
32
Let k(h) = -h**3 + 7*h**2 + 112*h - 497. Calculate k(4)